 5 + -2 + -2 + -1.
0
-17 + 4 + 18 + 2
7
What is -5 - (2 + -6 - (1 - -3))?
3
What is the value of -1 - (1 + -2 + 1)?
-1
Evaluate 15 - 6 - (1 + 3).
5
Evaluate 5 + 3 - (3 + 3 - 1).
3
What is the value of 4 + (-2 - -2) - -4 - 3?
5
Calculate 1 - (-7 + (0 - (0 - 3))).
5
What is (-2 - 0) + (-12 + 5 - -14)?
5
What is the value of -135 + 143 - (5 - -1)?
2
3 + -9 + 9 + 3 + -7
-1
Calculate 95 + -86 - (1 + (13 - 0)).
-5
Evaluate 3 - (1 - -4 - 4).
2
Calculate -4 - (4 - (-3 - -5 - -5)).
-1
Evaluate -2 - (1 - (-3 + (14 - 4))).
4
What is the value of (-12 + 8 - 13) + 15?
-2
What is the value of -1 + -8 - (-9 - (4 - 9))?
-5
6 - ((-1 - -2) + 2) - -2
5
What is the value of (-1 - (-1 + 8)) + (2 - 0)?
-6
What is the value of (4 - 4) + -3 + 2?
-1
What is 4 - (2 + 0 + -3)?
5
What is the value of 8 + -4 - (-10 + 9)?
5
What is the value of (-2 + -4 - (14 - 12)) + 4?
-4
7 + (5 + -8 - (0 - 0))
4
-3 + (-1 - -4) + -5 + 0
-5
What is (-8 - -2) + -6 + 7?
-5
Evaluate -1 + -4 - (-26 + 22).
-1
What is -2 + (0 - -4) + 2?
4
Calculate -3 + 8 + (7 - 6).
6
What is the value of 10 - (-4 - -8) - (13 + 0)?
-7
Evaluate (0 - (-3 + -1)) + 5 + -11.
-2
What is the value of -3 + 3 + 0 + -2?
-2
-7 + 2 + 34 + -23
6
Evaluate (5 - (-4 - -6)) + -3.
0
What is (2 - -2) + -10 + 1?
-5
Evaluate (0 - 1) + -2 + (1 - -1).
-1
5 + (4 - 9) - -7
7
What is (-3 + -1 - (-3 - -3)) + 4?
0
(5 - (3 - 0)) + (4 - 4)
2
Evaluate 4 - (4 - (7 - 5)).
2
Calculate 0 + 13 + (-11 - -5).
7
Evaluate 19 - (6 + 6) - 13.
-6
What is the value of -4 + 0 + 1 + 3 + -4?
-4
What is the value of (4 - 1) + 3 + -5 + -4?
-3
What is the value of 14 + -5 - (3 + -6 + 5)?
7
Calculate -9 - ((0 - 4) + (22 - 26)).
-1
Evaluate -51 - -47 - (-3 + -1).
0
What is the value of 2 + -4 + 8 + -7 + 9?
8
Evaluate (-8 - -20) + -6 - 11.
-5
Evaluate -13 + 10 + -2 + 8.
3
Evaluate (-7 - (-6 + -7)) + -10.
-4
6 + (3 - (-5 + -3 - -8))
9
What is the value of -1 + 6 - ((13 - 8) + 0)?
0
Calculate 3 + (-2 - -1 - (-6 + 3)).
5
Evaluate (2 - -4) + (-5 - -9 - 8).
2
Calculate 29 + -28 - (3 + -2 + 3).
-3
Evaluate 3 - (-2 - (-9 + 3 - -7)).
6
4 + (0 - (-7 - -20))
-9
What is (-5 + 3 - 3) + 1?
-4
Calculate 0 - (4 + -1 - 0).
-3
What is the value of 4 + 4 + -5 + -3?
0
What is -7 - -10 - 4 - -8?
7
Evaluate (4 - (2 - 1)) + 89 + -93.
-1
Calculate -8 - (-5 + -17) - 3.
11
What is -27 - -29 - (2 + 5)?
-5
What is (6 - 5) + -9 - -5?
-3
What is -4 + 3 + -3 + 0 - -3?
-1
4 - (2 + -1 + -2)
5
Evaluate -3 - 0 - 0 - (-3 + 1).
-1
What is (-2 + -3 - (-7 - -6)) + 2?
-2
Evaluate -1 - (2 + -6) - 3.
0
Calculate -4 - (-9 + 10) - -13.
8
What is the value of (2 - 1) + 2 + -2 + 2?
3
Calculate -6 + 1 + -7 - -3.
-9
What is 3 + -2 - (-9 - -6) - 5?
-1
Calculate 2 + (4 - 5) + -5.
-4
Evaluate (-4 - (3 - 0)) + 1 + 3.
-3
Evaluate 3 + 1 - (22 - 20).
2
Evaluate 6 + -17 + 9 + 1 + -6.
-7
Calculate 0 - (9 - (6 + 0) - 3).
0
Calculate (-4 - (-14 - -6)) + 2.
6
Calculate -13 + -9 + (5 - -10).
-7
Evaluate -4 - -4 - 3 - -3 - -3.
3
Evaluate 3 - (-1 - (-3 + 3) - -4).
0
What is the value of (4 + 0 - -1) + -4 + -3?
-2
What is the value of -3 + -5 + 5 + 0 + 2?
-1
What is 6 - 2 - (20 + -15)?
-1
1 - (7 + -10 - (-7 - -1))
-2
4 - 10 - (-6 - 1) - -7
8
Calculate (-7 - -5) + (-3 - -3).
-2
Evaluate -1 + (1 - -5) - 3.
2
What is the value of (3 - (4 - -3) - -6) + -10?
-8
Evaluate 3 - (2 - (7 - 4)).
4
What is (-1 - -3) + -13 + (4 - -5)?
-2
Calculate -8 - (-2 - -1) - (12 - 13).
-6
4 + (0 - 4 - (1 - 2))
1
Evaluate 3 + (-1 - -2) + 6 + -10.
0
What is the value of -10 + 8 - 8 - -9?
-1
Calculate (-7 + 21 - 8) + (-2 - 2).
2
Calculate (-3 - 1) + (-1 - -9).
4
What is the value of (-1 - ((4 - 5) + 0)) + 4?
4
4 + (-6 - (-11 - -4)) + -8
-3
4 + (-11 - (6 + -21))
8
-5 + 7 + (1 - 4) - -2
1
Calculate -6 - -3 - -7 - 4.
0
Calculate -10 - -3 - (-24 - -19).
-2
What is the value of -4 - (11 - (9 - 0))?
-6
What is (4 - (7 + 1)) + (-2 - -8)?
2
Calculate (-8 - -5) + -1 - -9.
5
What is the value of 10 + -13 - (2 + -5)?
0
Evaluate (9 - 7 - -2) + 0 + -8.
-4
(7 + 2 - 19) + 17
7
Evaluate 11 - 19 - (-4 + 1).
-5
Evaluate -1 + (-1 - (-2 - -3)) + -2.
-5
What is 31 + -24 + -9 + 2?
0
(-13 - -15 - -6) + 1 + 1
10
Evaluate 5 + -5 + -3 + 11 + -3.
5
-3 - (0 + -5 + 1)
1
Evaluate -3 + 1 - (-13 - -7).
4
-4 + -3 + -3 + 6
-4
-3 - (17 - 6 - 23)
9
What is the value of 0 + 4 - (0 - 0 - -4)?
0
2 + (0 - (2 + -4))
4
What is the value of (1 - (6 + -5)) + -2?
-2
What is (2 - 8) + 2 - (-9 - -5)?
0
-2 + (0 + -1 - -4)
1
What is the value of -16 + 7 + (12 - 9)?
-6
What is 2 + -2 - -3 - (24 - 21)?
0
Calculate 3 + (-12 - 4 - -13).
0
What is the value of -13 + 26 + -14 + 1?
0
What is the value of -7 + (5 - 0 - (3 + -1))?
-4
What is -4 + (-2 - 0 - -1) + 3?
-2
What is the value of -3 - (4 - (-1 + -1) - 4)?
-5
What is -3 + (5 - 11 - -5)?
-4
What is (5 - 2) + -2 + -6 + 4?
-1
Calculate (-11 - 1) + 20 - 0.
8
-1 - (5 + 0 + 2 + -4)
-4
What is -3 + 0 + (-8 - -14)?
3
Calculate -7 + (-13 - -5) - -7 - -1.
-7
Calculate -4 - ((2 - 8) + 2 + 3).
-3
Evaluate 0 + (1 - (-10 - -17)).
-6
Evaluate -1 - -3 - (36 - 31).
-3
What is the value of 0 + 2 - (12 + -15)?
5
(-5 - -2 - -5) + (-1 - 0)
1
Evaluate 11 - (-9 - (-15 + 1)).
6
What is (-7 - 3) + 2 + 17?
9
14 + -9 - (0 + 1)
4
What is -9 + 8 + 7 - -1?
7
Evaluate 1 - (-3 - (-9 + (1 - -5))).
1
What is -4 + 2 + 6 + 2?
6
Evaluate -3 - 0 - (-5 - -4).
-2
What is the value of 8 + (-11 - 1) + -1?
-5
What is the value of (4 - 3) + (2 - 1)?
2
What is 10 + (2 - 3 - 7)?
2
Calculate -11 + -3 + (-2 - -7).
-9
Calculate 0 + 0 + -7 + 11 + 0.
4
Evaluate 12 + 1 + -6 + -22 - -5.
-10
What is -2 - (1 + -4 - -4)?
-3
What is -8 + 20 + (2 + 5 - 14)?
5
-3 + 4 + -3 + 4 - -3
5
Calculate (56 - 55) + (1 - 10).
-8
What is -7 - (-9 + 3 + 6)?
-7
4 - (4 + -6) - (-1 - -13)
-6
3 - (20 - (16 + -7))
-8
What is the value of ((0 - 2) + -1 - -4) + -3?
-2
2 - (-1 - -8) - -2
-3
Calculate -4 + (21 - 9) - 1.
7
Evaluate 3 - -4 - (5 + (2 - 4)).
4
Evaluate -10 + (25 - (-12 + 24)).
3
What is 1 - (10 + -6) - -2?
-1
(-1 - 2) + -1 + (0 - -7)
3
Evaluate -1 + 7 - (2 + (-10 - -11)).
3
(-3 + 2 - (3 - 0)) + 2
-2
2 + 6 + -6 - (-1 + -1)
4
Evaluate -4 + (-3 + -2 - -3 - -4).
-2
What is the value of 6 + -4 + 3 + -3 + 0?
2
Evaluate 5 - (9 - 1 - 4).
1
What is the value of (9 - (9 + -1)) + 0?
1
What is the value of -1 - ((-2 - 1) + -1 + 4)?
-1
What is -6 + 5 + (-3 - -1) + 1?
-2
-4 + 8 + (-1 - 7) - -9
5
What is the value of -2 - (4 + -7 + (-3 - -3))?
1
What is the value of -1 - (-5 + 3) - (1 - 3)?
3
What is -4 + -1 + -2 + -2 + 5?
-4
3 - (-1 + 2 - (0 + 0))
2
-12 + 20 + (4 - 6)
6
Evaluate -1 + -4 + 6 + 5.
6
Evaluate 1 - (-4 - (-1 - 7) - 6).
3
What is 7 - (3 + -5 + 5 - -3)?
1
Evaluate -2 + -2 - (0 - (4 + 3)).
3
What is 0 - ((-3 + 0 - -6) + -2)?
-1
Evaluate (4 - (-4 + 8)) + (1 - -2).
3
Evaluate (-2 - (0 + -1)) + 0 + 2.
1
-2 + 0 + 2 + -2
-2
Evaluate 3 + (2 - (-1 - 0)) + -4.
2
What is the value of -3 - (17 + -5 + -4 - 18)?
7
Calculate -7 + (18 - 9) + 4.
6
Evaluate 2 + 0 + (-13 - -22) + -4.
7
Calculate 1 - 8 - (-4 - 0).
-3
Evaluate (-1 - 0) + (3 - 1 - 2).
-1
6 - 18 - (-7 + 0)
-5
Evaluate -1 + (-1 - (-5 - (2 + -14))).
-9
Calculate 11 - 13 - (3 + -6 + 4).
-3
4 + (11 - 5 - (-1 - -5))
6
What is 6 + -2 - (-9 + 7 + 0)?
6
What is the value of -2 + 0 + 3 - -2 - 0?
3
Calculate 0 - -2 - (-14 + 18).
-2
What is -1 - (-6 + 2 + -2 + 1)?
4
Evaluate (-2 - -7) + 0 + -1.
4
What is -4 - (-8 - -4 - 0) - 4?
-4
What is the value of -5 + (-2 - (-5 - 3))?
1
What is 1 + 4 - ((14 - 6) + -4)?
1
What is 5 + -5 + -3 + (2 - 1)?
-2
Evaluate 7 + -17 + 3 + 6.
-1
What is (-1 - 5) + 5 + 0?
-1
Calculate -3 - 0 - (-20 + 18).
-1
Calculate (17 - 1) + (-23 - (6 + -22)).
9
What is the value of (-2 - -5) + (-36 - -36)?
3
Calculate -4 + 3 + -7 + 4.
-4
(3 - (9 - 7)) + (-1 - 5)
-5
What is (0 - 4) + -1 - -2 - -9?
6
What is -1 + 3 + 0 + (-10 - -11)?
3
Calculate (10 - 5 - 9) + 6.
2
1 + -3 + 4 + -3 + 2
1
What is the value of 1 + -3 + (6 + -8 - -4)?
0
What is (-6 - (14 - 11)) + (2 - -1)?
-6
Calculate 18 + (-29 - -2) - (-2 - 0).
-7
What is 2 + (-4 - 0) + 5 + -3?
0
Calculate -3 - ((-1 - 4 - -7) + 2).
-7
Calculate 0 - (-22 + 14 + (3 - 3)).
8
What is the value of 4 + -8 + 10 - 0?
6
What is the value of 3 + (3 - 3 - 1 - 3)?
-1
-6 - ((-4 - 1) + 1)
-2
(0 - 5) + -2 + 2
-5
What is (-2 + 2 + 2 - 7) + -1?
-6
Evaluate (1 - 0 - 8 - -5) + -2.
-4
Calculate -5 + (2 - -3 - (-2 - 1)).
3
-5 + 3 + 8 + 2
8
Calcu